or of 22 and g.
22
Suppose 0 = -4*q - 3*u + 220, 2*u - 65 = -3*q + 100. Suppose -q*z + 75*z - 1600 = 0. Calculate the highest common factor of 2 and z.
2
Let n be (1 - 2/(-10))/((-5)/25). Let i be -3 - n - -220 - -1. What is the greatest common factor of i and 56?
56
Suppose 6*r - 5*r + 5*m - 95 = 0, -75 = -r - m. What is the greatest common factor of r and 2030?
70
Suppose -4*g + 10 = -6. Suppose o - 1 = -c, g*o = -6*c + 3*c - 1. Suppose 0 = c*t - 102 - 23. Calculate the greatest common factor of 10 and t.
5
Suppose 33*u - 6*u - 18494 - 1189 = 0. What is the highest common factor of u and 2673?
243
Let o be (-20 + 11)/(3 + (-3 - (-1)/(-81))). Calculate the highest common divisor of 225 and o.
9
Let w(r) = -r**2 + 168*r - 5360. Let m be w(76). Let o = -48 - -99. Calculate the highest common divisor of o and m.
51
Suppose 3*g - 126 = -2*x - 1009, -878 = 2*x - 2*g. Let o = -320 - x. What is the highest common factor of o and 36?
12
Let i be (-8 - -8) + -6*(-1)/2. Suppose i*q = 4*r + 45 - 492, -5*r + 535 = q. Calculate the greatest common factor of 27 and r.
27
Suppose -5*w - f = -142474, w + 2*f - 26554 - 1939 = 0. Calculate the greatest common factor of w and 205.
205
Let p be 45/(-4 - (-22)/4). Suppose 18 = 3*z + n, 0*n + n + p = 5*z. Calculate the greatest common divisor of 26 and z.
2
Let d(v) = 2*v**2 + 3*v - 2. Let x be d(1). Let p(k) = 53*k**2 - k - 18. Let l be p(x). What is the greatest common divisor of 38 and l?
38
Suppose 1141 = 2*c - 5*r, -2*r + 2837 = 5*c + r. Calculate the greatest common factor of c and 497.
71
Let c = 7211 + -7201. Let v(o) = 13*o**2 - 9*o - 4. Let r be v(7). What is the highest common factor of c and r?
10
Let w = 360 - 294. Suppose w*b - 58*b = 616. Calculate the greatest common divisor of b and 7.
7
Suppose 0 = -3*p + 14 + 10. Suppose p*a = 642 + 78. What is the highest common factor of a and 405?
45
Suppose -11*k + 110*k - 11766 = 14370. Calculate the highest common divisor of k and 648.
24
Suppose 0 = 3*c + 4*t + 20, -21 = -3*c + 4*t - 1. Let y be (6 - c)/(-11 - -13). Suppose y*h = -0*h + 18. Calculate the greatest common factor of 15 and h.
3
Let z(l) = l**3 + 4*l**2 - 3 + 2*l**2 - 37 - 12*l. Let a be z(-5). What is the greatest common divisor of 99 and a?
9
Let j(n) = -20*n**3 + 4*n**2 + 5*n - 12. Let g be j(3). Let f = g + 502. What is the greatest common divisor of f and 1?
1
Let n(x) = 2*x + 68. Let b be n(-5). Suppose 21*g = b + 26. What is the highest common factor of g and 12?
4
Suppose -8*h = -462 + 30. Let l be h + 40/(-5) + 16. What is the highest common divisor of l and 341?
31
Let o(m) = -2*m**3 - 7*m**2 + 7*m + 2. Let g be o(5). Let u = g + 423. What is the highest common divisor of u and 5?
5
Suppose -7*l - 5*f + 8072 - 2953 = 0, -3*f = 3*l - 2193. Calculate the greatest common divisor of l and 60.
12
Let u(h) = -4*h**3 + 97*h**2 + 81*h + 20. Let k be u(25). What is the greatest common divisor of k and 300?
10
Let x = -24056 + 24595. What is the greatest common factor of x and 3080?
77
Let g be (-115)/10 + 3/(-2). Let t be 4542/63 - g/((-819)/6). Calculate the highest common factor of t and 36.
36
Let j(q) = 47*q - 106. Let x be j(2). Let h be 142 + x/6 + -7. What is the highest common divisor of 38 and h?
19
Suppose -2*m + 134 = -5*c - 51, -2*c - 250 = -3*m. Calculate the highest common factor of m and 1200.
80
Suppose -5*c = -h - 146, -39*c + h - 86 = -42*c. What is the greatest common factor of 8497 and c?
29
Suppose -8*t = -25 + 9. Suppose 2*m - 2*s + 2 - 30 = 0, 35 = 5*m + t*s. What is the highest common divisor of m and 207?
9
Suppose 0 = -2*p - u + 284, u = 2*p - 242 - 34. Suppose -501*i = -494*i - p. Calculate the highest common factor of i and 170.
10
Let w(j) = 10*j**2 - 2*j - 2. Let k be w(2). Let b = 4403 - 3961. What is the highest common divisor of k and b?
34
Let m(a) = 316*a**2 + 6*a - 4. Let b be m(1). Calculate the highest common factor of b and 4929.
159
Suppose h - 6 = -3*w + 3*h, 9 = 3*h. Let b be -4*(w + -3) - -68. Suppose 0 = 3*v + 25 - b. Calculate the highest common divisor of 91 and v.
13
Let t(v) = 28*v + 239. Let c be t(-8). Let z = -57 + 102. What is the highest common divisor of c and z?
15
Let t be 1/6 + (16 - (-86831)/186). Calculate the highest common factor of t and 1127.
161
Suppose -k = -q + 6363, 2*k = -2*q + 6102 + 6624. Calculate the greatest common factor of 63 and q.
63
Suppose -4*s = 5*u - 10, -7 + 0 = -s + u. Let i = 210 + s. Calculate the greatest common factor of i and 86.
43
Suppose 167*h - 5*h = -402161 + 1024565. What is the greatest common factor of h and 136?
34
Let o = -2686 - -2778. What is the greatest common divisor of 52 and o?
4
Let m = 122 + -184. Let l = 64 + m. Suppose 12 = l*w - 3*a - 2, 3*a + 10 = -2*w. Calculate the greatest common divisor of 5 and w.
1
Let a be ((-12)/4 - -2664) + 9/((-9)/5). Calculate the highest common factor of a and 1162.
166
Suppose 2*q - 2218 = -4*g + 1998, 4*g - 8416 = -4*q. What is the highest common divisor of q and 70?
70
Let q be 1*4*((-198)/(-12))/11. Suppose 0 = 2*m - 7*m + 3*t - 86, 3*t + 42 = -3*m. Let y = 26 - m. Calculate the highest common factor of q and y.
6
Let y be (-60)/(-80) - (-2301)/4. Let p be (1 + 0)*768/(11 - -1). What is the highest common divisor of p and y?
64
Let r be (-1 - (16 + -4)) + -1*2. Let l = 17 + r. Suppose -3*y + 141 = -3*m, -l*y + 109 = -4*m + 7*m. What is the greatest common divisor of 30 and y?
10
Let l = 28 - 26. Suppose 0 = 2*d + 3*z + 5, 3*z + 9 = 3*d + l*z. Let q be d/(-20)*2*-5. Calculate the greatest common divisor of q and 4.
1
Let j be (2180/7)/((-384)/(-12096)). Calculate the highest common divisor of 45 and j.
45
Let k = 7 - -57. Suppose -658 = -4*g + 3*d, -752*d + 749*d = -5*g + 818. What is the greatest common divisor of g and k?
32
Let y be 4/((-18)/3 + 4). Let p be (-3 - (2 - 4/(-4)))/y. Suppose 0 = h + 5*j - 60, -5*h - p*j + 150 + 40 = 0. What is the greatest common factor of 35 and h?
35
Suppose 0 = -3*l - 29 + 128. Suppose 3*z - 12 = 0, -4*p - z - 23 = 53. Let v be (-10 - p)/((-4)/(-66)). Calculate the highest common divisor of v and l.
33
Suppose 0 = 3*t - 15, v + 5*t - 493 = -2*v. Let o(m) = -2*m**2 + 44*m + 652. Let y be o(-10). Calculate the greatest common divisor of y and v.
12
Suppose -3*f - s - 511 = 532, -3*f - 2*s = 1048. Let m = -277 - f. What is the highest common divisor of m and 3?
3
Let z(h) = 4*h**3 - 37*h**2 + 59*h + 87. Let n be z(16). What is the greatest common divisor of n and 94?
47
Suppose -10*v = -6*v - 3*v - 522. What is the highest common factor of 36 and v?
18
Let i be (-25893)/(-63)*(-8)/(-24). Calculate the greatest common factor of 24 and i.
1
Suppose 11 - 45 = -17*l. Let r(z) = -z**3 + 5*z**2 - 14*z + 19. Let t be r(l). What is the highest common factor of t and 39?
3
Let d be (-25 - -4)/((-3)/19) + 5. Let o(c) = 26*c - 1. Let m be o(8). What is the greatest common divisor of m and d?
69
Let y = 156 - 51. Suppose -79*t + 954 = -6501 - 2499. Calculate the highest common factor of y and t.
21
Let r(t) = -4*t - 22. Let m be r(-5). Let s be m/4*-50 - 3. Calculate the highest common divisor of 253 and s.
11
Suppose -58*v + 52*v + 24 = 0. Let t be v/((-56)/(-231))*(-6)/(-9). What is the greatest common factor of 121 and t?
11
Let b(f) = -34*f**3 - 15*f**2 - 6*f + 77. Let p be b(-5). Calculate the highest common divisor of 44 and p.
22
Let i = -41852 - -43823. What is the greatest common divisor of 3723 and i?
219
Suppose -g + 5 = -2*w, 8 = 4*g + w - 21. Suppose -g*q = -13*q + 18. Calculate the highest common factor of q and 1.
1
Let f = -39293 + 21593. Let v be (f/18)/(-10)*3. Calculate the greatest common divisor of 118 and v.
59
Let r(m) = m**3 - 19*m**2 + 93*m - 5. Let n be r(6). What is the highest common divisor of 2295 and n?
85
Let o be (-10 + 42/4)/(-5 - 1023/(-204)). Calculate the highest common factor of o and 162.
2
Let x be 1*5*(-477)/(-15). Let s be (7 - -17) + -4 + 351. What is the greatest common divisor of x and s?
53
Suppose 6406 = -8*l + 6526. What is the greatest common divisor of l and 69?
3
Suppose 121*k - 118*k = 189. Suppose -2*l - l + 5*a = -8, 2 = 5*l + 3*a. Let n = 6 + l. What is the greatest common divisor of n and k?
7
Let l = 962 + 974. What is the greatest common factor of l and 1573?
121
Supp